= -t**2 - 15*t + 8. Let x = 12 + -26. What is the remainder when r(x) is divided by 8?
6
What is the remainder when (-1)/((-14)/(-4)) - 40508/(-364) is divided by 19?
16
Let h = 40 + -37. Suppose -7*t + h*t = -80. Let q(x) = x**2 + 2*x - 2. Calculate the remainder when t is divided by q(2).
2
Suppose -6*v - 84 = -10*v. Calculate the remainder when 2*3*v/18 is divided by 5.
2
Suppose 4*r - r = 0. Suppose 3*x = -r*x + 45. Calculate the remainder when 11 is divided by (x/(-20))/((-1)/4).
2
Let k(q) = 13*q - 68. Let z be k(13). Let n = 187 - z. Calculate the remainder when n is divided by 18.
14
Let s = 842 - 834. What is the remainder when 75 is divided by s?
3
Calculate the remainder when 43 is divided by ((-1)/4)/(-6 + (-1653)/(-276)).
20
Let l be 12*(2 + -1)/1. Suppose 0*t + l = 3*t. Suppose 0 = -2*c + 4*y, -5*y = c - 5 - 9. What is the remainder when c is divided by t?
0
Let i = 2 + -3. Let b = 3 - i. Suppose -2*w - 37 = -5*o, o - 4*w + 24 = 17. What is the remainder when o is divided by b?
1
Suppose -7*q = -3*q - 40. Let a = 16 + q. Let r = a + 28. What is the remainder when r is divided by 14?
12
Let r(k) = 30*k**2 - k + 2. What is the remainder when r(-2) is divided by (-600)/(-16)*20/30?
24
Let s(z) = z**2 - 8*z + 12. Calculate the remainder when 66 is divided by s(10).
2
Let s = -38 - 1. Suppose 0 = 5*n + 3*d + 281, -2*n - 2*n - 2*d = 224. Let j = s - n. What is the remainder when 31 is divided by j?
15
Suppose -99*n + 105*n = 792. Calculate the remainder when n is divided by 10.
2
Let c be (1 + 0)*(6 - -372). Let d = c - 236. Suppose 2*g - 86 = -0*k - 3*k, 0 = 5*k + 3*g - d. Calculate the remainder when k is divided by 14.
12
Suppose -317*a + 320*a = 24. Calculate the remainder when 60 is divided by a.
4
Let m be (5/(-10))/1*0. What is the remainder when (0 - m) + 49 + 14 is divided by 33?
30
Let v(z) = z**3 + 8*z**2 - 11*z - 8. Let r be v(-9). Let d = -2 + r. What is the remainder when 38 is divided by d?
6
Let a(d) = d - 6. Let l be a(9). Suppose -24 = -l*q + 2*q. Let c(h) = 2*h + 19. What is the remainder when q is divided by c(-7)?
4
Let c = -13 - -29. Suppose 232 = 2*m + 2*m. Calculate the remainder when m/3*6/4 is divided by c.
13
Let u(h) = -h - 3. Let p be u(-7). Calculate the remainder when 3 is divided by p/((-4)/(-3) - 0).
0
Suppose -5*p = 26 + 34. Calculate the remainder when ((-24)/(-5))/(p/(-60)) is divided by 9.
6
Calculate the remainder when 39 + (-2 - (-2 - 2)) is divided by 6 + 205/(-35) + 54/14.
1
Suppose 4*z - 2*z = -2*d + 196, -z - 3*d + 100 = 0. Suppose k = 6*k - 5*c - 130, -4*c - 54 = -2*k. What is the remainder when z is divided by k?
22
Suppose -f + 36 = -0*f - 4*y, 2*f + 2*y - 62 = 0. Let u be 77/(-11)*(0 - -1). Let h = u + f. What is the remainder when h is divided by 7?
4
Let t be 0 - (0 - -1) - 0. Let f be t/((12/153)/(-4)). Suppose -n + f = 2*n. Calculate the remainder when 67 is divided by n.
16
Suppose 7*a - 6*a - 12 = 0. Suppose -35 = -2*r + 5. Calculate the remainder when r is divided by a.
8
Let w be 2 + (-2)/(-5) + 24/(-60). What is the remainder when 17 is divided by 2/w - (-8)/2?
2
Let j(u) = 10*u + u**2 + 1 + 4 - 5. Let z be j(-10). Suppose 3*h + h - 28 = z. What is the remainder when h is divided by 2?
1
Suppose -h - 3*f + 19 = 0, h + 4*h - 107 = -3*f. Calculate the remainder when h is divided by 9.
4
Suppose -2*p + j - 3*j + 46 = 0, 3*j = -3. Let h(f) = 78*f**2 - 15*f. What is the remainder when h(-1) is divided by p?
21
Suppose -18 = 3*m - 4*k, 0*m + 3*k - 19 = 5*m. Calculate the remainder when 3/((-816)/276 + (-6)/m) is divided by 12.
9
Suppose -9 = y - 3*d - 23, y - 6 = d. Let t(p) = 21*p**2 + 2*p - 10. Calculate the remainder when t(y) is divided by 31.
16
Calculate the remainder when (-2)/16 + 10747/88 is divided by 19.
8
Let x(c) = -c**3 + 10*c**2 + 2*c + 18. Let m = 7 + 3. What is the remainder when x(m) is divided by 14?
10
Let f(z) = z**3 + 7*z**2 + z + 8. Suppose 0 = 2*i - 4*i + 2. Let s be (-9)/i*18/27. What is the remainder when f(s) is divided by 10?
8
Let t(b) = 12*b + 1. Let v be t(-1). Let g = v + 26. Suppose 5*r + 96 = 21*r. Calculate the remainder when g is divided by r.
3
Suppose 0 = -10*z + 9*z + 12. What is the remainder when (-1)/(2/(-11) + 150/946) is divided by z?
7
Let l(p) = 2*p**2 - 9*p + 1. Let w be l(7). Suppose -g - w = -2*g. Let s(f) = -2*f - 7. What is the remainder when g is divided by s(-10)?
10
Let y(m) = m**3 + 11*m**2 + 12*m. Suppose 0*v + 10*v = -50. Calculate the remainder when y(v) is divided by 19.
14
Let j be (-704)/20 - (-1)/5. Let s = j + 63. Calculate the remainder when s is divided by (-1)/2*-2 - -14.
13
Let y = -21 + 80. Calculate the remainder when 174 is divided by y.
56
What is the remainder when -6*(-30 + 3) + 7 is divided by 58?
53
Let x = 13 + -12. Calculate the remainder when 27/x*(4 + -3) is divided by (-1 - 0)/(1/(-14)).
13
Let n = -462 + 489. What is the remainder when 41 is divided by n?
14
Let z(n) = -17*n + 98. Calculate the remainder when 449 is divided by z(4).
29
Let t = -28 + 5. Let x = t - -25. Calculate the remainder when x is divided by 1.
0
Let g(j) = -j**3 - 7*j**2 - 3*j + 8. Suppose 5*t - 3*s - 294 = 0, -4*t + 54 = -3*t + s. What is the remainder when t is divided by g(-7)?
28
Let b = 1011 + -1002. Let s be 89 - 3/((-6)/(-4)). Suppose -3*y + 5*j - 3*j + 49 = 0, s = 5*y + 2*j. Calculate the remainder when y is divided by b.
8
Suppose 31*s - 655 - 616 = 0. Calculate the remainder when 150 is divided by s.
27
Let c = 145 - 124. What is the remainder when 184 is divided by c?
16
Suppose -5*q + 13 + 47 = 0. Let x = -91 + 137. What is the remainder when x is divided by q?
10
Let h = 28 - -2. Suppose 8*l - 283 - 165 = 0. Calculate the remainder when l is divided by h.
26
Let s(m) = -m**3 + m**2 + m + 35. Suppose -3*y = -w + 35, 4*w - 109*y + 110*y - 75 = 0. Calculate the remainder when s(0) is divided by w.
15
Suppose -2*p - 8 = -5*k + 3, -p - 3 = 0. Let g be (-13 - -11) + 6*k. Suppose 0*s + g*s = 52. Calculate the remainder when 36 is divided by s.
10
Suppose 0*j = 2*j - 6. Suppose -117 = -4*a + j*f, -f + 169 = 5*a + 37. Suppose 0 = -0*l + l - 14. Calculate the remainder when a is divided by l.
13
Let a be (-1)/1 + -1 - -36. Suppose 0 = j + j - a. Calculate the remainder when j is divided by 4.
1
Let r(y) = -4*y - 39. What is the remainder when 80 is divided by r(-14)?
12
Let f = -40 - -35. Calculate the remainder when 29 is divided by ((-5)/(-2))/(f/(-30)).
14
Suppose 2*a + 4 = w, -4*w - 3*a - 5 = -10. Let f(h) = h**3 - 2*h**2 + h + 2. What is the remainder when f(2) is divided by w?
0
Suppose 8*p - 3*p = 30. Let b = 773 + -744. Calculate the remainder when b is divided by p.
5
Suppose 4*l + 2*y = 116, 4*l - 3*y - 99 = 17. Calculate the remainder when (-4 - -2)/(-1) + l is divided by (-4 + 3)*-14 - (-6)/2.
14
Calculate the remainder when 0 - 5/(20/(-744)) is divided by 21.
18
Let t be -26 + 3 + -4 + 4. Let i = 23 + t. Suppose i*r + 42 = 2*r. Calculate the remainder when r is divided by 12.
9
Let x(s) = -2*s**2 + 14*s - 12. Let j(k) = -k**2 + 8*k - 6. Let v(i) = 5*j(i) - 3*x(i). Suppose -3*h = -4*h. What is the remainder when 11 is divided by v(h)?
5
Let r = 438 - 182. Suppose 36*y - 37*y = -43. What is the remainder when r is divided by y?
41
Suppose -2*p = -3 - 1. Suppose 5*z = 92 - p. Suppose 5*g - 242 - z = -5*l, -l - 50 = -g. Calculate the remainder when g is divided by 13.
12
Let q = 511 - 367. Calculate the remainder when q is divided by 76.
68
Suppose -5*c + 2*c - 3*i + 18 = 0, 0 = 2*c - 2*i. Let p = -103 - -108. Calculate the remainder when p is divided by c.
2
Let h(k) = 3*k**2 - 9*k - 2. Suppose -2*n - 28 = -16. Calculate the remainder when h(n) is divided by 41.
37
What is the remainder when 77 is divided by 0 + (-3 - (-1 + -19))?
9
Let g(p) = p**3 - 2*p**2 - 9*p - 11. Suppose 112 = 3*w - 0*h - 5*h, -5*w + 3*h = -176. Calculate the remainder when w is divided by g(5).
15
Suppose -3*i - 750 = -8*i. Suppose 0 = 9*k - 3*k - i. Calculate the remainder when 74 is divided by k.
24
Suppose -2*m = 2, 3*o - 211*m - 80 = -209*m. Calculate the remainder when (-2)/8 + (-1002)/(-8) is divided by o.
21
Let p be 3*((-6)/27*3 - -2). Let r be (-3)/(-9) + (-647)/(-3). Suppose 6*g - 2*g = p*j + r, -g + 79 = 4*j. Calculate the remainder